Let k be (-12)/9*(-2 - -5). Let o = k - -7. Let b be 1/(-3) + 13/o. Let h(f) = -f**3 + 5*f**2 - f - 5. Give h(b).
7
Let d(r) = -3*r + 3. Let z = -2 - -4. Let k(t) = -t**2 - 4*t. Let g(y) = y. Let n(b) = -5*g(b) - k(b). Let h be n(z). Determine d(h).
-3
Let a = -94 - -193/2. Let u(i) be the second derivative of -a*i**2 + 0 + i + 1/12*i**4 - 5/6*i**3. Calculate u(5).
-5
Let s(b) = -4 - 4*b**2 + 3*b - 2*b + b + 5. Give s(-1).
-5
Suppose 4*i + 2 = -2*c, -4*c + 4 = 5*i + 2. Suppose -x - c*x + 28 = -4*p, 0 = 2*x + 5*p. Let n(w) = -w**2 + 5*w - 7. Calculate n(x).
-7
Let s(a) = a - 4. Let q be s(3). Let n(d) = -d**3 + 7*d**2 + 7*d + 6. Let w(g) = -2*g**3 + 8*g**2 + 8*g + 7. Let y(i) = 7*n(i) - 6*w(i). What is y(q)?
-5
Let g(a) be the first derivative of -a**2 + 4*a - 22. Determine g(3).
-2
Suppose -6*f + 2*s + 26 = -2*f, f - 10 = 4*s. Let h(w) = 7*w + 3. Let q(l) = -l - 1. Let o(u) = -h(u) - 6*q(u). Calculate o(f).
-3
Let z(f) = 9*f - 1 + 6 - 5*f + 2. Give z(-5).
-13
Let y(a) = -a**2 + 4*a + 5. Let f be y(5). Let g(t) = 13*t**2 + 11*t + 4. Let q(u) = -7*u**2 - 6*u - 2. Let z(m) = 6*g(m) + 11*q(m). Give z(f).
2
Let z(b) = 5*b**2 - 2*b + 1. Let p(k) = 4*k**3 - k**2 - k. Let h be p(-1). Let i(v) = -v**2. Let r(c) = h*i(c) - z(c). What is r(4)?
-9
Let o(b) be the third derivative of -b**5/60 + b**4/3 - 2*b**3/3 - 2*b**2. Give o(6).
8
Suppose 0*j + 20 = 4*j. Suppose 0 = -2*d + o + 3, -5*o - 1 = 2*d - 10*o. Let f(h) = h + 8 + h**3 - 6*h**2 - 2 + d*h. Give f(j).
-4
Let i(l) = 17*l + 24. Let a(j) = -8*j - 11. Let h(g) = 13*a(g) + 6*i(g). Determine h(-1).
3
Suppose -22 = -4*x - 0*x - 2*z, 5*z - 15 = 0. Let g be (x/(-3))/((-2)/6). Suppose -g*d - d = 15. Let s(b) = -b**2 - b + 3. What is s(d)?
-3
Let q(d) = -5*d + 3. Let c = -12 + 17. Let x(p) = 9*p - 5. Let l(z) = c*q(z) + 3*x(z). Suppose -4*h = -6 + 2. Give l(h).
2
Let n(v) = v**3 + v**2 - v + 1. Let g be 4/(-2 + (0 - -4)). Suppose g*j = -1 + 5. Determine n(j).
11
Let h(j) be the second derivative of j**3/6 - 5*j. Let v = -1 - -1. Suppose v*n = -n. Calculate h(n).
0
Let k(d) = 2 - 301*d + 301*d - d**3 + 4*d**2. Suppose -y = -0 - 4. What is k(y)?
2
Let g(a) = 26*a + 31*a - 55*a - 5. Give g(-7).
-19
Suppose 0*f + 3*f - 15 = 0. Let j(s) = -s**2 + 5*s + 7. Calculate j(f).
7
Let u(i) = 11*i**2 + 8*i - 1 - 10*i**2 + 0. Let z(o) = -2*o**2 - 17*o + 2. Let q(w) = -5*u(w) - 2*z(w). Let h be ((-5)/2)/(3/6). What is q(h)?
6
Let r(j) = j**3 + 2*j - 1. Let k(m) = -m**2 - m + 5. Let i be k(0). Let s be (2 - 2)/(1/(-1)). Suppose i*z + s = 5. Give r(z).
2
Let c be 4/16*(-7)/(14/(-8)). Let n(h) = -4*h**3 + 2*h**2 - 1. What is n(c)?
-3
Let f be (-3)/2*(-40)/12. Let l(w) = 4 - 5 - 3*w + 8. Give l(f).
-8
Suppose 6 = 2*w - 2*v, 2*w + 0*v = -3*v + 6. Let p = w - 4. Let y be 3*((-8)/(-3) + p). Let g(s) = -s. Determine g(y).
-5
Let a(o) = o**2 + 2*o + 8. Let m(q) = 3*q**2 + 7*q + 23. Let n(z) = 11*a(z) - 4*m(z). Calculate n(-5).
1
Suppose 17 = -5*d - 18. Let x(m) = -m**3 - 5*m**2 + 9*m + 13. Let q(p) = 5*p**3 - p**2 - 4*p**2 + 12 + 8*p - 6*p**3. Let l(r) = d*q(r) + 6*x(r). What is l(-5)?
4
Let g(h) be the second derivative of -h**4/12 + h**3 - h**2 - 9*h. Give g(3).
7
Let v(b) be the first derivative of -b**4/4 - 5*b**3/3 - b**2 + b - 13. What is v(-2)?
-7
Let c(a) = 3*a + 8. Let t = 7 + -14. Give c(t).
-13
Let u be -2*1*1 - 4. Let b be 3*(-2)/u - 1. Let p be (-3)/(-9)*b - -1. Let t(g) = -7*g + 1. What is t(p)?
-6
Suppose -q - 4*q + 5 = 0. Let x be (-3)/(-9) - q/3. Suppose -l = -x + 3. Let w(i) = i. Calculate w(l).
-3
Let i(v) = -5*v. Let p(x) = -8 - 2 + x - 2*x. Let m be p(-11). What is i(m)?
-5
Let g = 1 - 6. Let v(s) = -s + 2. Determine v(g).
7
Let k(q) = q**3 + 2*q**2 - 5*q - 2. Let v = -3 + 0. Let j be k(v). Let c = j - 1. Let i(l) = 2*l**2 - 5*l + 3. Determine i(c).
6
Let n(r) = -7*r + 3 - 2 - 3*r + r. Give n(1).
-8
Let k(t) be the second derivative of -t**4/12 + t**3/3 + 2*t**2 + t. Determine k(-3).
-11
Let j(s) = -4*s**2 + 3*s**2 + 6 + 2*s**2 + 3 + 7*s. Determine j(-6).
3
Suppose -2 - 5 = -2*w - 3*u, -3*w - u - 7 = 0. Let c(k) be the third derivative of -k**6/120 - k**5/20 + k**4/6 + 2*k**3/3 + 3*k**2. Determine c(w).
4
Suppose -f + 1 = -2. Let v(x) be the third derivative of -x**2 + 0*x + 0 + 1/24*x**4 - 1/3*x**f. Give v(4).
2
Let d(n) be the third derivative of -n**6/180 - n**5/40 + n**4/12 - n**3 + 7*n**2. Let y(w) be the first derivative of d(w). Determine y(-3).
-7
Let h(k) = -2*k**2 + 2*k - 3. Let d be 1 + -1 - (-5 - -3). Determine h(d).
-7
Let v(x) = 2*x. Let u be 56/16 + 2/(-4). Let p(a) = a**3 - 5*a**2 + 3*a + 3. Let n be p(u). What is v(n)?
-12
Suppose 4*r - r - 4*s + 17 = 0, -s = 4. Let c(t) = t**3 + 11*t**2 + 9. Give c(r).
9
Let r(s) = 0*s**2 + 6*s**2 + 2*s**2 - 1 - s. Suppose 2*d + 3*d + 5 = 0. Calculate r(d).
8
Let a(k) be the second derivative of 6*k + 0 + k**3 - 1/12*k**4 + 3*k**2. Determine a(6).
6
Let h(w) = w**2 - w + 1. Suppose 0 = 39*a - 42*a + 3. What is h(a)?
1
Let g(h) = -2*h**2 - h**3 - h**2 - 5 + 4*h + 1 + 7. Give g(-2).
-9
Let s(u) be the second derivative of u**3/2 - u**2/2 + u. Let h(f) = -f**2 - 5*f - 2. Let l be h(-3). Let n = l - 2. Give s(n).
5
Let z(x) = 3*x + 4. Suppose 5*m - 34 = -19. Let b(d) be the first derivative of d**2 + 3*d + 1. Let f(i) = m*z(i) - 4*b(i). Give f(-6).
-6
Suppose 0 = -0*d + 2*d - 12. Suppose -d = 2*z - 5*z. Let a(g) = 1 + 0*g**3 - 2*g - 4*g**z - g**3 + 0. Calculate a(-2).
-3
Let v(b) = 6*b**2 + 2*b + 2. Let f(t) = -t**2 - t - 1. Let m be f(-1). Let o be v(m). Let p(s) = -s**2 + 7*s - 9. Give p(o).
-3
Suppose 48 = -11*h - h. Let k(y) = -y**2 - y. Give k(h).
-12
Let x(y) = y**2 + y + 1. Let n(i) = 2*i**2 + i + 8. Let j(f) = -n(f) + 3*x(f). Let h be 30/(-9) + (-2)/3. What is j(h)?
3
Let b(g) = -5*g**3 + 7*g**2 + g + 11. Let v(o) = 14*o**3 - 20*o**2 - 3*o - 32. Let j(x) = 17*b(x) + 6*v(x). Let w = 4 + -7. Let f be 0/(6/w)*1. Calculate j(f).
-5
Let n(m) = 21*m - 44*m - m**2 - 3 + 23*m. Calculate n(0).
-3
Let z(o) be the third derivative of -o**4/24 + o**3/6 + 3*o**2 + 13*o. Determine z(-4).
5
Let o(l) = -l**2 - 1. Let c(b) = -b**3 + 6*b + 1. Let r(n) = -c(n) - 4*o(n). Calculate r(-5).
8
Suppose -8 = 3*q - 7*q. Suppose -q*h - 3 = -3*h. Let d(w) = w**2 - w - 3. Calculate d(h).
3
Let f(a) be the first derivative of -a**4/4 + 4*a**3/3 + 5*a**2/2 + 2*a - 2. Let m be f(5). Let v(x) = -6*x + 3 - 2 + 3*x. Calculate v(m).
-5
Let p(g) = 2*g**2 + 12*g - 9. Let s be p(-7). Let b(r) = -r**2 + 5*r - 4. Determine b(s).
-4
Let x(v) = v**3 + 8*v**2 - 9*v - 5. Let j = -30 + 21. Calculate x(j).
-5
Let p(y) be the first derivative of 5*y**3/6 + 2*y - 1. Let a(q) be the first derivative of p(q). Let u = 2 + -3. Give a(u).
-5
Let a be ((-3)/9)/(3/(-9)). Let k(l) = 2*l**2 + l - 1. Let h be k(a). Let o(j) = -4*j - h + 2*j + j. Determine o(-2).
0
Suppose -3*c = -5*u - 24, 5*c + 3*u - 5 = 1. Let k(v) = -v + 1. Let i = -8 + 9. Let t(x) = -4*x + 6. Let l(d) = i*t(d) - 3*k(d). Determine l(c).
0
Suppose w - 4*x = 11, 3*w = -2*w + 5*x + 10. Let d = 4 + w. Let t(u) = 1 - 1 + 1 - 4*u**2 - 4*u + u**d. Give t(5).
6
Let j(b) = -b**2 + b + 3. Suppose 5*o + 8 = o. Suppose -4*y + 11 = -3*n, -5 = 5*n - 4*y + 8. Let g be (n - (2 + o)) + 1. Calculate j(g).
3
Let w(u) = -u - 1. Let h be w(-5). Let i(x) = 2*x**2 - 2*x - 3. Let n(l) = -l**2 - l. Let j(a) = i(a) + n(a). Determine j(h).
1
Let y(k) = k**3 - 6*k**2 - 5. Let n be y(6). Let t = n + 8. Let l(j) = 2*j - 5. Let x(a) = 2*a - 4. Let d(z) = -6*l(z) + 7*x(z). Calculate d(t).
8
Let v(i) = -3*i**2 + 5. Let s be v(-2). Let r(l) = -l**3 - 8*l**2 - 8*l - 10. Determine r(s).
-3
Let v(y) be the third derivative of y**4/24 + y**3/6 + 17*y**2. Give v(-2).
-1
Let z(i) = 1 + 6*i + 2*i**2 - 3*i + 3*i - 4*i. Suppose 3*v - 2*s = 0, v - 10 - 3 = 5*s. Determine z(v).
5
Let n(g) be the third derivative of g**5/60 - g**4/6 + g**3/6 - 2*g**2. Suppose -2*f = -0*z - z - 3, 0 = 5*f - 4*z - 3. Suppose 2*m - m = f. What is n(m)?
-2
Let l = 25 - 20. Let b(u) = 3*u - 5. Let s(t) = -t + 1. Let y(c) = -b(c) - 2*s(c). Calculate y(l).
-2
Let l(d) = -5*d - 1. Let w(b) = 2*b + 1. Let j(c) = -3*l(c) - 7*w(c). Calculate j(7).
3
Let u(i) be the second derivative of i**5/20 + i**4/12 + i**3/6 - 7*i**2 + 14*i. Determine u(0).
-14
Let z be 80/70*(-14)/(-4). Let h(c) = -c + 2*c + c**3 + 0*c - 4*c*